) - 35.
-39
Calculate -7 + ((3 - (7 - -6 - 3)) + 127 - 13).
100
What is -193 - -220 - ((-2 - -1) + -21)?
49
What is -11 + 7 + -9 + -1 + -78 + 17?
-75
What is the value of 38 - ((-70 - 70) + 114)?
64
(-61 - (-54 - 53)) + 2
48
What is -385 - -410 - (2 - -70)?
-47
Calculate 1503 - 1491 - (59 - -2).
-49
32 + 35 + (20 - 28)
59
What is 4 + (4 - (-6 + 19)) + 8 + -15?
-12
Calculate -4 + 121 + (-120 - 7).
-10
Calculate 42 + -29 + -47 - -46.
12
What is the value of 4 + -77 + (114 - (-83 - -208))?
-84
What is the value of 78 + (-79 - (-84 - -20))?
63
What is -52 - (-131 - -91 - (-9 - 5))?
-26
What is the value of 72 + -60 - 34 - (2 - 14)?
-10
What is 45 - (8 + 64) - (16 + -114)?
71
9 + (-125 - -69 - (-15 + 1))
-33
Evaluate (151 - 171) + -6 + 7.
-19
What is the value of -5 + -26 + 46 + 1?
16
Calculate 1 - (2 + 26 + (53 + -34 - 22)).
-24
What is the value of 15 + (-44 - (14 - 85) - -9)?
51
-4 + 24 + 109 + -106
23
-21 - (-47 + 5 + -24 - 9)
54
Evaluate (-17 - (3 - (-8 + 24))) + (-5 - -14) + 2.
7
92 + (-9 - 0 - (-3 - -1 - 22))
107
What is -6 + -17 + 14 + 1 + 93 + -20?
65
3 + -11 + 0 + 0 + (73 + -63 - 55)
-53
Calculate -493 + 487 + -1 + -70 - -13.
-64
Calculate 32 + 25 + (-12 - 19).
26
(-5148 - -5157) + (0 - -100)
109
Calculate 43 + -37 - (-53 + 36 + -13).
36
Calculate -19 + 93 + (25 - (58 + (-9 - 7))).
57
Calculate -36 - (-15 - -20) - (-23 - -12).
-30
(32 - 1) + -10097 + 10077
11
What is (2 - -1 - (2 + -20)) + (-122 + 64 - -56)?
19
-5 + (-2 - (-25 - -14))
4
What is the value of 42 + -30 - 36 - (-1 - 15)?
-8
What is the value of 25 + (5 + 15 - 16) + 13?
42
What is -24 + -4 - (25 + -14 - 7)?
-32
What is -1 + -20 - (-1582 - -1539)?
22
What is -72 + (10 + -13 - (-70 - -61))?
-66
What is (1 - (-6 - (-2 - -20))) + -8 + 51?
68
Evaluate (-2637 - -2656) + (-3 + -1 + 6 - 15) + 81.
87
Calculate -17 + 20 + -17 + -4.
-18
What is the value of -24 - 284 - -300 - ((0 - (1 + -1)) + -50)?
42
What is the value of 6 - (23 + -3) - -6?
-8
What is (-10 + 8 + 12 - 12) + (1 - (-7 - -2))?
4
14 + (-23 + 4 + -15 - 21)
-41
-1 + -8 + -2 + 34 + (-749 - -712)
-14
Calculate (-5 - (-37 - 3)) + (-2 + -9 - -16).
40
Evaluate -8 - (-240 + 272 - (-13 + -2) - 10).
-45
Evaluate -38 + -16 - (-11 - (9 + -10 + -10 + 6)).
-48
Calculate 24 + 8 - (-7 - -35 - -30).
-26
What is (6 - (-5 + 18)) + -25 + (7 - (3 - -1))?
-29
What is the value of -4 + 5 + -34 - ((-149 - -92) + 70)?
-46
Calculate 160 - ((-211 - -110) + 141).
120
(0 - (15 - 3)) + 37 + 1 + -16
10
Calculate 11 + 32 - (-4 + 19 - -2).
26
(14 + -2 - 25 - -9) + (4 + -1 - -8)
7
Evaluate (-41 - (13 - 100)) + 17 + -44.
19
Evaluate 20 + -1 + (-26 - (-11 - -25 - 50)) + -14.
15
What is -51 + 8 + (4 - -39) + (-1 - -38)?
37
4 - 2 - 57 - (-40 - -65 - (12 + 1))
-67
-2 + -2 + 5 + (6 - (-33 + 5))
35
What is the value of 0 + 7 + -2 - (-205 + -163 + 377)?
-4
What is the value of (5 - -9 - (156 - 132)) + 56?
46
Calculate -17 + 23 + (-9 - (16 + 11)).
-30
19 - (-9 - (-6 - 16)) - 29
-23
What is -2 - (-3 - -9) - -10 - (-15 - 0 - 1)?
18
Calculate 215 + -126 - (-13 + 12 + -3 + (6 - 11)).
98
Evaluate -2 + 4 + 2 - (7 - (22 - 15 - 51)).
-47
Calculate 1 + -12 - (-583 - -608) - -125.
89
31 + -30 - -2 - (-9 + 76 + -5)
-59
(18 - (25 + (141 - -12))) + 11
-149
Calculate 76 - 90 - (25 - -9) - (-1 - 12).
-35
Calculate 187 + -202 - 6 - (-51 + -1).
31
What is the value of 40 - -4 - (-27 - (-57 - -17))?
31
What is the value of 2 - 6 - (-96 - -63)?
29
136 + (183 - 27 - 148)
144
Evaluate -47 + 137 + -14 + -10 + 6.
72
What is the value of 59 + (-50 - 13) - -34?
30
Evaluate 0 - (-3 + 20 + -8 - (-3 + 7 - -1)).
-4
(68 - (5 + -16 - -48)) + -75
-44
Calculate (13 + -36 - (-3 + 13)) + -10.
-43
What is 104 + -70 + -26 + (-4 - (3 - (4 + 27)))?
32
Evaluate -14 + ((-1 - -3) + -5 - 8 - (-85 + 68)).
-8
Calculate (1 - (0 + 0 + -7)) + (-37 - 0) + -8.
-37
Evaluate 4 - (-12 + -2 + -1) - 60.
-41
Evaluate 1 + -8 - (14 + (-50 - -18) + 16 + -37).
32
Calculate -1760 - -1744 - (-19 + 0).
3
(-30 + (-10 - -6) - -4) + -5 + 18
-17
What is the value of (57 - 14) + -39 - 52?
-48
What is the value of -12 + 18 + -30 + (2 - 21) + -15?
-58
Calculate (-12 - -39) + (6 - 3 - 4).
26
Calculate -24 - (43 + -35 + 13).
-45
What is 3 + -32 + (23 - -122) + -105?
11
-12 + 14 + -48 + 12
-34
Evaluate -1 + (9 - -18 - 8) + 18.
36
What is the value of 70 - (76 - (27 + -102))?
-81
Calculate 11 - (-22 + 9 + 22) - 52 - -14.
-36
What is the value of (-18 - (-11 - 14)) + -6 + -8 - -10 - -59?
62
(82 - 2) + 87 + (-81 - 36)
50
What is the value of 19 + -4 + -41 + 24 + 9?
7
Calculate -1 - (-1 - -2) - (425 + -439 + (-63 - 0)).
75
What is the value of 2 - (9 + -3) - (18 + (25 - (-15 - -5)))?
-57
Calculate (7 - (-14 - (-20 + 2))) + -33.
-30
5 + (4 - 5) + -200 + 176 + 7
-13
-1 + -1 - -3 - (-102 - -29) - (2 + 4)
68
Evaluate 1 - 48 - (-983 + 870).
66
What is (-12 - -2) + 42 + -41 - -27?
18
Evaluate (-1 + 1 - 13) + -6 + 146 + -35 + 12.
104
What is the value of (-33 - (37 - 115)) + -8 + -4 + -3 + -1?
29
Calculate -3 - (-13 + -31 + 74).
-33
-6 + (-40 - (7 + (-5 - (10 - -7)) - -29))
-60
Evaluate 32 - 0 - (9 + 60 + -73).
36
Calculate (-396 + 401 - ((-1 - -2) + -10)) + -3 - 66.
-55
41 - (41 - ((4 - -16) + 4))
24
Calculate -104 + 139 - (40 + 5).
-10
Evaluate -84 - (-30 + -20 + -163).
129
1 + 28 + -38 + 0 + -6 + 35
20
Calculate -146 + 32 + 17 + 19.
-78
Calculate (17 - 20 - -6) + (11 - -32).
46
-2 - (2 - 8 - 1) - (255 + -57 + -86)
-107
Evaluate (-550 - -394) + (3 - -289).
136
Evaluate (15 - -1) + (-354 - -277).
-61
Evaluate 1 + -78 + (82 + (80 - 148) - 31).
-94
(53 - -7) + -47 - -91
104
Calculate -53 + (-25 - -59) + 14 - 10.
-15
What is -3491 - -3347 - (-1 + -115)?
-28
Evaluate 10 + -3 + -473 + 512.
46
Calculate 9 - (-20 - (2 - 15) - 25).
41
-41 + 14 + -23 + 5
-45
Evaluate -77 - (-47 - (17 - 15)).
-28
Calculate -52 - -9 - ((-12 - 7) + 9).
-33
88 + -13 + 35 + (2 - 16) + -18
78
Calculate -30 + 13 + 19 + -34.
-32
What is the value of (-1 + -21 - 24) + 31 + -22?
-37
26 + (-8 - (33 + -14 - 9))
8
Calculate 1 + -11 - ((11 - (-39 - 10)) + -8) - 3.
-65
Evaluate -49 - -38 - -29 - -11.
29
What is the value of (-24 - -22) + ((-4 - -8) + -12 - 0) + -57?
-67
Calculate -56 + (76 - 23) + 20 + (4 - 1).
20
Evaluate -5 + (-6 + -21 + 12 - -27) - (2 - 41).
46
Calculate -8 - (-1 + (-62 - (13 + -9)) + 15).
44
2 + (-18 - -5) - (-104 + (-9 - (6 + -34)))
74
Calculate 52 + (-150 + 48 - -7).
-43
Calculate -13 + 29 + 10 - (-5 - (-10 - (-3 - 2))).
26
Calculate 6455 - 6419 - (1 - -45).
-10
Calculate (-32 - -1) + (318 - 323).
-36
Calculate (779 + -793 - (-2 + (6 - 1))) + -83.
-100
Calculate (2 - (15 - 13)) + 1 + -11 + -5 - -11.
-4
Evaluate 43 - 29 - (-197 + 169).
42
What is the value of -14 - ((-30 - -33) + -28 + 24)?
-13
Calculate 12 + (9 - -30) + -71.
-20
Evaluate (-6050 - -6060) + (-2 + 2 - -13).
23
Evaluate (65 - 11) + -33 + 0 + 9.
30
What is (-1 - 0) + 2 + (9 - (-51 - -21)) + -101?
-61
7 + -1 + (-6 - 1) + (4 + -8 - -5)
0
Calculate -1 - -133 - (77 + -86 + (-9 - -2) + 15).
133
(0 - (14 - 5 - 1)) + -9 + 6 + -35
-46
What is -18 + 68 - (-17 + 32)?
35
Calculate (-5 - -2) + (83 - (20 - 16)) + 23.
99
Evaluate (3 - 5) + (7 - -66 - 33).
38
What is the value of 326 - 526 - (2 - 94)?
-108
What is the value of -11 + 2 + -241 + 218 + -64?
-96
What is 34 - 1 - (-1184 + 1165)?
52
What is -3 - (-40 + -2) - (-10 + 21 + -19) - -1?
48
(-6 + 7 + -2 + 2 - (-26 + 16)) + -9
2
Calculate (-12 - -12) + 42 - (2 - (-3 - -8) - 6).
51
What is the value of -26 + -1 - (-56 + 23 + 11)?
-5
Calculate -2 - (-13 + 12 + (6 - (40 - 8) - 5)).
30
Calculate -81 + 69 - (-3 + 8).
-17
-43 - (-24 - (-5 + -7 + -11))
-42
Calculate (-19 - -1 - (-99 - -113)) + -29.
-61
Calculate 1 + 35 - ((-55 - 21) + 69).
43
Calculate 29 + 0 - (-284 - -291).
22
What is 1 + 23 + 299 + -327 + 17?
13
20 - 10 - (4 + -17 + 4 + -1 + 1)
19
-101 - (-39 + (44 - 59) + 90)
-137
What is 130 + (59 - -66 - 142)?
113
What is 30 + -52 + -60 + 32?
-50
97 + 6 + -1031 + 947
19
Evaluate 43 - (-49 + -18 + 144).
-34
Evaluate -1 + -1 + 17 + -27 + 48.
36
(-6 - 1) + (-12 - -5 - (-8 - -15 - 71))
50
Calculate 25 + -11 + 9 - -20.
43
Calculate 81 + (-19 - -43) - 89.
16
Evaluate (-1 - (4 - -1) - 4) + 4.
-6
Evaluate -59 + 1 + 59 - (-145 - (3 - 5) - -1).
143
What is 34 - (13 + -4 - -1)?
24
Evaluate 22 + -3 + -55 + (-23 - -46).
-13
Evaluate -49 + -1 + -10341 + 10342.
-49
Calculate 